digit of w?
1
Suppose -d + 4*n = -1740, -5*n - 6975 = -4*d - 4*n. What is the units digit of d?
4
Suppose 103*y = -12*y + 4011315. What is the hundreds digit of y?
8
Suppose -41 = -8*o - 9. Suppose -5*h - o*k + 1847 = 0, 2*h - 5*k = h + 381. What is the hundreds digit of h?
3
Suppose 0 = 3*g + g - 8, 12*g - 8871 = -h. What is the units digit of h?
7
Suppose u + g - 2*g + 6 = 0, 4*g - 22 = 2*u. Let l be (-5)/(u - -2)*9603/(-165). Suppose l = 8*d - 437. What is the units digit of d?
1
Let w(o) = 13*o + 13. Let i be w(7). Suppose s - 40 = i. Suppose -2*l - 5*d = -s, -4*l + 399 - 111 = -d. What is the tens digit of l?
7
Let m(w) = -18*w**3 - 2*w**2 - 6*w - 6. Let p be -2 - (4 - (-2 - -5)). Let k be m(p). Suppose 3*v + k = 5*f - v, 2*f + 2*v = 174. What is the units digit of f?
2
What is the ten thousands digit of (-6)/(-15) + 96/(-50)*634185/(-102)?
1
Let l(o) = 124*o**3 + 13*o**2 + 56*o - 336. What is the hundreds digit of l(5)?
7
Let v(a) = 156*a**3 - 2*a**2 - 22. What is the units digit of v(3)?
2
Let d be (-12)/(-90) - -2*(-4)/60. Suppose 99*i - 116*i + 4522 = d. What is the hundreds digit of i?
2
Let c(r) = -2*r**2 + 6*r + 2. Let u be c(4). What is the units digit of -1 + (-324)/(-8)*(-4)/u?
6
Suppose -454623 = -14*h - 10445. What is the thousands digit of h?
1
Let b = 23 + -18. Suppose l + l + 4*g + 6 = 0, -2*l - 3*g = b. What is the tens digit of (-2 + 0/l)*98/(-4)?
4
Let x be 2670/(4 - 7) + -4. Let v = x + 1508. Let w = v + -434. What is the units digit of w?
0
Suppose b = -5 + 3, -5*b + 50 = -3*c. Let n be 8/c + 18108/20. Suppose -9*f + 1003 = -n. What is the tens digit of f?
1
Suppose 313*b + 23321 = 314*b. What is the tens digit of b?
2
Suppose 477908 - 6397211 = -279*y + 1670055. What is the ten thousands digit of y?
2
Let m = 67 + -67. Let v be (1 + m)*(20 - 25). What is the tens digit of 1 - 225/v - 1?
4
Suppose -4*g = 2*h - 20502, -4763 = -g - 4*h + 373. What is the units digit of g?
4
Let o = 5507 - -10552. What is the tens digit of o?
5
Let a(h) = -h - 16. Suppose t - 5 = -2*q + 6, -16 = -4*t - q. Let v be (12/(-20))/t - 188/10. What is the units digit of a(v)?
3
Let i = 212 - 186. Suppose -i*g = -1101 - 22897. What is the tens digit of g?
2
Suppose -5*n = -2*n + 9. Let l(h) = h**3 - h**2 + h + 3. Let r(j) = j**3 + 8*j**2 - 5*j - 19. Let q(y) = -4*l(y) - r(y). What is the units digit of q(n)?
3
Suppose 4*k - 588 = 4*z, 4*z = 4*k + 2*z - 582. Let v = k - -19. What is the units digit of v?
3
Suppose -x + 597 = 2*x. Suppose -5*z = -3*h + x, -5*h + 321 = -3*z - 0*z. Suppose 2*j - h - 9 = 0. What is the tens digit of j?
3
Let t = 15659 - 8654. What is the tens digit of t?
0
Let c = -45 + 53. Let s(y) = -y**3 + 8*y**2 - 2*y + 28. Let v be s(c). Suppose 0 = -a + 4*k + v, -a - 7*k + 11 = -12*k. What is the tens digit of a?
1
Let r be 20967/116 + 9/(-12). Let a = -2 - -2. Suppose -3*x + 5*p = -191, a = -4*x + p + r + 86. What is the tens digit of x?
6
Let w = 10131 - 6423. What is the units digit of w?
8
Let g(d) = -d**3 + 12*d**2 + 11*d - 9. Let r be g(15). Let l = 331 - r. What is the hundreds digit of l?
8
What is the thousands digit of (16 + 605/22)/(1/226)?
9
Suppose 0 = 12*r - 39*r - 13*r. Suppose -4*u = -i - 4*i + 642, r = 3*i - 3*u - 387. What is the tens digit of i?
2
Let o = 492 + -483. Suppose o*a - 5631 = 4422. What is the hundreds digit of a?
1
Suppose 0 = 613*g - 619*g + 32697 + 41727. What is the tens digit of g?
0
Let c = 30 - 28. Suppose -c*d + 512 = 2*d. Suppose -4*x + 2*w = -d, -2*w + 6*w + 96 = 3*x. What is the units digit of x?
2
Suppose 45*h + 181066 - 1756935 = 1618906. What is the thousands digit of h?
0
Suppose -25*c + 30*c - 1875 = 0. Suppose -c = 2*b - 723. What is the tens digit of b?
7
Suppose -5*f - 4*n + 5 + 0 = 0, -2*f + 20 = -2*n. Let i(x) = 194*x + 82. What is the tens digit of i(f)?
5
Let i(r) = -7*r**2 - 260*r - 99. What is the tens digit of i(-28)?
9
Suppose 22*v - 17*v - 2*p = 49984, 3*v + 2*p - 29968 = 0. What is the tens digit of v?
9
Let f(n) = -n**3 + 5*n**2 + 8*n - 6. Let c be f(6). Suppose -8*l + c*l + 22 = 0. Let d(s) = 4*s - 20. What is the tens digit of d(l)?
2
What is the units digit of (2633/(-3))/((0 - 3)*(-3)/(-297))?
3
Suppose -18*h - 17 - 19 = 0. Let t(d) = -8*d**3 - 2*d**2 + d - 1. What is the units digit of t(h)?
3
Let f(h) = h**3 + 3*h + 1. Let z(w) = 6*w**3 + 5*w**2 + 19*w - 3. Let o(n) = -4*f(n) + z(n). What is the tens digit of o(5)?
0
Suppose 5*r = 20, 446*c - 2*r + 111024 = 450*c. What is the units digit of c?
4
Let j(r) = 2*r - 11. Let b be j(5). What is the units digit of (2032/(-48))/(b/6)?
4
Let m = 370 - 28. Let q = m + -149. What is the units digit of q?
3
Suppose 5*a + 560 = 3*a - 5*x, 0 = 5*a - 4*x + 1433. Let k = a + 411. Let y = 315 - k. What is the units digit of y?
9
Let k(b) = 4*b**2 + 5*b + 2. Let o(x) = 3*x**2 + 5*x + 2. Let s(w) = -4*k(w) + 5*o(w). Let f be s(3). What is the units digit of (508/f)/(3/6)?
7
Let v = 2032 - -16320. What is the hundreds digit of v?
3
Let t(p) = -110*p**2 - 3775*p - 12. What is the thousands digit of t(-32)?
8
Let a(w) = 34*w - 64. Let j be a(-7). Let x = -235 - j. What is the tens digit of x?
6
Suppose 0 = 4*x - 3236 + 136. Suppose -x - 445 = -20*p. What is the tens digit of p?
6
Suppose 7007 = -143*l + 150*l. What is the units digit of l?
1
Let l(v) = v**3 - 9*v**2 - 4*v - 34. Let n be l(12). Suppose 5*x = -3*q + 1395, -n = -3*x + 5*q + 453. What is the tens digit of x?
7
Let s be 1*(-27)/(-6) + 9/(-18). Suppose s*h + h = -4*z + 21, 0 = h - 1. Suppose z*f - 303 = 253. What is the units digit of f?
9
Let x(r) = -36*r - 110. Let s(j) = 19*j + 56. Let t(c) = 7*s(c) + 4*x(c). What is the tens digit of t(-20)?
7
Suppose -119*d + 13715 = -114*d. What is the hundreds digit of d?
7
Let v(l) = -25*l**2 - 9*l - 66. Let y be v(-6). Let b = y + 965. What is the tens digit of b?
5
Let p(z) = 4*z - 2. Let s = -62 + 77. What is the units digit of p(s)?
8
What is the tens digit of 6393/15*5*(-1 + 2)?
3
Suppose -2*f - 15429 = -z - 986, -z = -5*f - 14437. What is the hundreds digit of z?
4
Suppose 9*b - 8*b - 160650 = -20*b. What is the tens digit of b?
5
Suppose 3*t = -3*c + t + 42936, -5*t = 15. What is the hundreds digit of c?
3
Suppose -s - 324 = -1609. Let a = s + -734. What is the units digit of a?
1
Let m be (2 - 1958)*2/(-4). Suppose -5*v + 957 = -m. Suppose 4*r + 39 - v = 0. What is the units digit of r?
7
Suppose 11*f = -4*j + 9*f + 58150, -2*j + 4*f = -29110. What is the units digit of j?
1
Let n(i) = i**3 - i**2 + i + 376. Let x be n(0). Suppose 2*a = 4*a - x. What is the hundreds digit of a?
1
Suppose 12*t + 158255 = 17*t - 5*c, 2*c = -5*t + 158311. What is the thousands digit of t?
1
Let k(v) = -21755*v**3 + 8*v**2 + 9*v + 1. What is the units digit of k(-1)?
5
Suppose -m = 3*f - 76, -m + 11 = f - 15. Suppose -2*z = -3*n - 3667, f*z + 5463 = 28*z + 3*n. What is the units digit of z?
6
Let o = -180 + 655. Suppose -o = -5*i - r, 111 = -0*i + i - 3*r. Let v = i + -14. What is the tens digit of v?
8
Let l(h) = 8*h + 22. Suppose -i + 6*t - 3 = 3*t, 2*i - 3*t - 3 = 0. Let m be l(i). Let w = m + 52. What is the hundreds digit of w?
1
Suppose -3616 - 19696 = -12*p + 12796. What is the units digit of p?
9
Suppose -25 = -4*l + 3*g, -2*l + 0*l + 2 = 2*g. Suppose 2*w + 22 = -l*y, 2 = y + 5. Let i(p) = p**2 - 9*p - 11. What is the units digit of i(w)?
9
Let s be 9 - -1 - (1 + 1). Let d be (1728 + -57)/(3 + -2 + 0). Suppose -193 = -s*t + d. What is the hundreds digit of t?
2
Suppose 2*k = 2*z + z - 90, 175 = -5*k - 5*z. Let a = 288 + k. Suppose -a = -2*f - 3*o - 49, 4*f - 386 = o. What is the tens digit of f?
9
Suppose 0 = 3*i - 6, 0 = -5*l - 5*i + 44316 + 2749. What is the units digit of l?
1
Let u(i) = -11*i + 91. Let y be u(8). Suppose 4*a + 1756 = y*w, 0 = -3*w - 5*a + a + 1796. What is the tens digit of w?
9
Suppose 95*x - 1442809 = -78*x + 79072. What is the thousands digit of x?
8
Let f(x) = -385*x + 3. Let d be f(-4). Suppose p = -0*p + d. What is the hundreds digit of p?
5
Let g = 5671 - 3047. What is the hundreds digit of g?
6
Let d be (-312)/143 - (4/22)/(-1). Let l be 3 + d/(-2) - (-22 + 21). Suppose -f + l*y = 2*f - 1, -5*y + 13 = -f. What is the units digit of f?
7
Suppose -3*o - x - 18235 = 0, 10*o = 9*o - 5*x - 6055. What is the t